*n = -48 + 37. What is z(k)?
40
Let r = 1 + 12. Let t = -13 + r. Let d(j) = 582*j - 299*j - 282*j - 15. Give d(t).
-15
Let j(g) = 4*g**2 - g. Suppose -y + 5 = 1. Suppose -5*x - y*t + 65 = 0, -2*x - 5*t + 60 = 3*x. Let u = x + -18. Determine j(u).
5
Let z(s) = 18*s**2 - 35*s**2 + 0*s + 9*s**2 + 9*s**2 - 4*s - 28. Give z(8).
4
Let r(j) = -60*j + 99 + 135*j - 110*j. Let x be r(3). Let w(d) be the second derivative of -d**4/12 - d**3/2 + 4*d**2 - 2*d. Give w(x).
-10
Let s(i) = 7*i**3 + 5*i**2 - i + 53. Let j(f) = 3*f**3 + 3*f**2 - f + 25. Let y(c) = -9*j(c) + 4*s(c). Calculate y(6).
-19
Let i be 52/(-48) + 70/56. Let v(s) be the second derivative of i*s**3 + 0 - 5*s - 1/2*s**2. Give v(1).
0
Let q(r) = -13*r - 141. Let p(g) = 4. Let l(t) = -5*p(t) + q(t). Let n be l(-12). Let x(a) = -a**3 - 5*a**2 + 3*a + 1. Determine x(n).
-14
Let n(l) be the third derivative of l**6/120 - 2*l**5/15 - 7*l**4/24 - 5*l**3/3 - l**2. Let b = 20662 + -20653. Determine n(b).
8
Let u(z) = -10821130*z + 1 + z**2 + 10821130*z. Suppose 0 = d - 5*d + 3*y + 2, 5*y = 5*d. Determine u(d).
5
Suppose -j - 25 = -2*j. Suppose -10*y + 5 - j = 0. Let u(d) be the third derivative of -d**6/120 - d**5/12 - d**4/12 - d**3/2 + 4*d**2 - 3. Give u(y).
-11
Let u(c) = -c**3 + 18*c**2 + 89*c - 23. Let g be 2/(-9) + (-56730)/(-2565) - 24/(-228). Give u(g).
-1
Let a(d) = 14*d + 5. Let b(i) = -3*i - 1. Let x(n) = a(n) + 5*b(n). Let m = -11 - -9. Let z be m - -1 - (2 - 0). Give x(z).
3
Let a(i) = 11*i**3 - 28*i**2 - 20*i + 44. Let w(s) = -8*s**3 + 29*s**2 + 19*s - 37. Let d(b) = 2*a(b) + 3*w(b). Determine d(16).
-7
Suppose -k - 3 = 1. Suppose -331*g = -328*g - 15. Let c(j) = 740*j + j**2 + g + 747*j - 1481*j. Give c(k).
-3
Let l be 9/(27/(-24))*1. Let q be -1*(12/l + 12/8). Let d(a) be the third derivative of -a**5/60 - a**3/6 + 4*a**2. Give d(q).
-1
Let g(p) = -6*p + 22. Let k be g(3). Let w(r) = 2*r**3 - 3 - 2*r**2 + 0*r**2 + k*r + 0*r**2 + 0*r**2. What is w(2)?
13
Let u(h) be the first derivative of 22 - 5/2*h**2 + 1/4*h**4 - 5/3*h**3 - 2*h. What is u(6)?
4
Let s = 41 + -63. Let a = s + 22. Suppose a = -f + 3 - 5. Let k(v) = -v - 1. Calculate k(f).
1
Let v be (-78)/(-15) - (-1)/(-5). Suppose -2*n - 6 = 4*g, -n - 2 - 1 = v*g. Suppose g = a + a - 8. Let t(i) = i**3 - 3*i**2 - 5*i + 2. Give t(a).
-2
Suppose 34*k = 8 - 178. Let d(h) = h**3 + 7*h**2 - 4*h. Determine d(k).
70
Let i(v) = 11*v**2 - 5*v + 5. Let p(w) = -5*w**2 + 2*w - 2. Let g(j) = 2*i(j) + 5*p(j). Suppose 10 = f + 9*f. Determine g(f).
-3
Let x(z) be the third derivative of -z**5/60 + 5*z**4/24 + 19*z**3/6 - 325*z**2 + 3. What is x(11)?
-47
Let w(s) = 156 + 73 - 344 + 153 - 6*s. Determine w(11).
-28
Suppose 3*o + 5*w = -1 - 8, 2*o - 2*w - 10 = 0. Let t(f) = 2*f + f**3 - 1453 + 1455 - 2*f**2 - o*f**3. Determine t(-2).
-2
Let g(z) = 2*z**2 + 51*z + 239. Let v be g(-6). Let y(w) = 6*w**2 - 30*w + 3. Calculate y(v).
3
Let k = 165 - 86. Suppose 12 + k = 13*f. Let m(q) = q**3 - 7*q**2 + q - 10. Give m(f).
-3
Let f be (-625)/30 - (-25)/30. Let n(k) = k**2 + 18*k - 40. Calculate n(f).
0
Let y = -11116 - -11136. Let m(z) = z**2 - 16*z - 43. Calculate m(y).
37
Suppose 4*b + 0*m + m - 1361 = 0, -5*b + m = -1699. Let h be (-1)/2 + b/40. Let s(j) = h*j + 0*j - 4*j - 3*j - 8. Determine s(9).
1
Let x(t) = 3*t**3 + 6*t**2 - 6*t + 1. Suppose 66*i - 22 = 65*i + 3*a, 2*i = -2*a - 12. Determine x(i).
4
Let o(d) = d**3 - 12*d**2 + d - 14. Let q(u) = -12*u**3 - 3*u**2 + 2*u + 5. Let w be q(-1). Determine o(w).
-2
Let d = 708141 + -708141. Let g(r) be the first derivative of r**2/2 + 16*r - 1. Determine g(d).
16
Let d(h) = h**2 + 7*h - 14. Suppose -36*r - 20*r = -9*r + 282. Calculate d(r).
-20
Let p(t) = -t + 5. Let m = 21 - 18. Suppose -k = m*i - 2*i - 9, 0 = 4*i + 12. Suppose -2*y = -0*y - k. Calculate p(y).
-1
Suppose 65 + 37 = 12*g - 18. Let r(d) = d**2 + d - 25. Determine r(g).
85
Let g(v) = -15*v - 92. Let i be 8*74/(-100) - 6/525*7. Give g(i).
-2
Let w(l) be the first derivative of l**5/30 - l**4/2 + 194*l**3/3 + 10. Let i(p) be the third derivative of w(p). Determine i(9).
24
Suppose -219*d = -210*d + 63. Let g(o) = -o**3 - 6*o**2 + 12*o + 11. Calculate g(d).
-24
Let l(g) = -1737 - 7*g - 1552 + 3450 + g. Determine l(24).
17
Let r(x) = 14*x**2 + x**3 + 12*x**2 - 1 - 14*x - 16*x**2 - 2*x**3 + 0*x. Determine r(6).
59
Let k(g) = -22*g**3 - 42*g**2 + 3*g + 25. Let f(d) = 35*d**3 + 64*d**2 - 4*d - 37. Let c(j) = 5*f(j) + 8*k(j). What is c(-16)?
-49
Let l(i) = -3*i - 4. Let n(a) = a**3 + 7*a**2 + 8*a + 57. Let o be n(-7). Calculate l(o).
-7
Let c(x) be the third derivative of -239*x**4/24 - 949*x**3/6 - 8916*x**2. Give c(-4).
7
Let x(b) be the first derivative of b**4/2 - 25*b**3/3 + 19*b**2/2 - 74*b + 854. Give x(12).
10
Let b(s) be the second derivative of 1/12*s**4 + 3/2*s**2 + 5 + s - 5/3*s**3. Let y be (-32)/6*(-6)/4. Determine b(y).
-13
Suppose 2 = -h, -3*l + 2*h = -0*l + 2. Let y be 17/5 + 8/(-20). Let d(v) = -2 + 2*v**2 + y*v**2 + v - 6*v**2. Determine d(l).
-8
Let b = -891119/60 - -14852. Let d(c) be the third derivative of -20*c**2 - 1/6*c**4 + 0 + b*c**5 + 1/6*c**3 + 0*c. Give d(5).
6
Let r be 3 + (-2 + 7)*128/40. Suppose r - 208 = -27*w. Let s(z) = -z**2 + 8*z - 7. Give s(w).
0
Let p(w) = -w**2 + 5*w + 7. Let i be -12*((-3)/1 + -10). Suppose -3*h - i = 3*k, -k = 5*h + 65 - 9. Let s = 57 + k. What is p(s)?
1
Let v(y) = -4*y**3 - 9*y**2 - 13*y - 21. Let d(k) = -9*k**3 - 19*k**2 - 29*k - 38. Let l(c) = 3*d(c) - 7*v(c). Give l(-6).
9
Let a(o) = -42*o - 2. Let b be a(0). Let j(v) = -v**3 + 3*v**2 + 10*v + 5. Determine j(b).
5
Let q(g) = 6*g + 17. Let y be q(-5). Let v = -15 - y. Let a(f) be the first derivative of f**3/3 + f + 2. What is a(v)?
5
Let i be -6 + (-8 - (-9 - -4))*1. Let m(n) = n**3 + 10*n**2 + 14*n + 13. Give m(i).
-32
Let z(w) = 49 - 7*w + 34 - 85. What is z(4)?
-30
Let a(g) = -3*g**3 - g**2 + 2*g - 1. Let n be 6/(-8)*(-2 + (-8)/12). Suppose 34*t - 32 = n. What is a(t)?
-3
Let h be 1/(-3*(-2)/18). Let a(y) be the first derivative of y**2 - 3*y - 284. What is a(h)?
3
Suppose 0 = 3*n - 10*n + 133. Let r(a) = n*a - 4*a - 17 - 8*a - 8*a. Determine r(-9).
-8
Suppose -5*m + m + 4 = 0. Suppose 0 = 4*n - 5*g - 24, -2*g - 5 = 3*n - 0. Let j(u) = -7*u**3 + 9*u**3 + 9*u**2 - 10*u**2 + n - u. Give j(m).
1
Let n = -185 - -201. Suppose 0 = -n*u - 1 + 17. Let b(y) = 12*y - 1. Calculate b(u).
11
Let t(j) = 670*j + 126*j - 818*j - 29. Give t(-6).
103
Let v(j) = -7*j + 4. Let g be v(0). Suppose 8 = -l + g. Let z(r) = -7*r**2 - 7*r + 4. Let k(w) = -6*w**2 - 6*w + 4. Let d(p) = -6*k(p) + 5*z(p). Give d(l).
8
Let h(o) = -o**2 - 8*o - 11. Suppose -3*j + 4*k - 2*k - 20 = 0, 5*j + 29 = -k. Let v be h(j). Let y(w) = -w**2 + w - 8*w**3 + 3*w**3 - w**3. Determine y(v).
-6
Let b(w) = 180*w + 4879. Let j be b(-27). Let y(a) = a**3 - 20*a**2 + 24*a - 103. What is y(j)?
-8
Let c(b) be the first derivative of b**3/3 - 9*b**2/2 + 39*b - 2377. Calculate c(7).
25
Let u(b) be the second derivative of -11*b**3/6 - 3*b**2/2 - 10*b - 25. What is u(3)?
-36
Let l(h) = -23*h**2 - 13*h - 44. Let y(n) = 5*n**2 + 3*n + 11. Let c(j) = 2*l(j) + 9*y(j). Determine c(-2).
5
Let b(o) = 2*o**2 - 5*o + 4. Let k = 537 - 508. Suppose -4*w + 3*w - 4*j = 3, 0 = -5*w + 2*j + k. Determine b(w).
29
Let m = -8 + 4. Let r(v) be the first derivative of -v**4/4 - 4*v**3/3 - 3*v**2/2 + 2*v + 4120. Calculate r(m).
14
Suppose -91 = 2*c - 93. Let b(h) = 113580 + 26*h - 113580. Calculate b(c).
26
Let g = -67 + 72. Let x(h) = -h + 5. Let z be x(g). Let c(i) = 2*i - i - 4 - 2*i**2 + i**2 - 8*i**3 + 9*i**3. Give c(z).
-4
Suppose 5*y - 39 = h, 0*h + h + 2*y + 18 = 0. Let c(z) = 4*z + 98. Give c(h).
2
Let h(y) = -y**2 - 18*y - 26. Let t be -32 + (-7 - 330/(-15)). Calculate h(t).
-9
Let f(l) = -l**3 + 6*l**2 - 10*l + 22. Let o be f(5). Let u(v) = 2*v + v - 4*v + 4*v + 3. Give u(o).
-6
Suppose -2*n - 2*n = -12. Let m(c) = 3*c + 2*c**2 - c - n*c**3 - 3*c + 1. Suppose 5*f - 26 = 5*w - 8*w, 2*f = 3*w + 2. What is m(w)?
-17
Let s(p) be the second derivative of p**4/12 - p**3/2 - 18*p. Let h be (-75)/(-5)*4/4 + 4. Suppose -5*z - 4*u = -6*u - 18, 4*z + 3*u - h = 0. Determine s(z).
4
Let k = 105 + -68. Suppose 5*s - m + 29 = 0, -2*s - 3*m = -7*s - k. Let u(t) = -t + 3. Let h(i) = -2*i + 2. Let p(j) = -2*h(j) + 3*u